 digit of 9369613?
9
What is the tens digit of 99721?
2
What is the hundred thousands digit of 1033476?
0
What is the thousands digit of 333096?
3
What is the hundred thousands digit of 915359?
9
What is the tens digit of 5226996?
9
What is the thousands digit of 310884?
0
What is the hundred thousands digit of 27936684?
9
What is the ten thousands digit of 29751492?
5
What is the units digit of 754809?
9
What is the hundred thousands digit of 5933672?
9
What is the hundred thousands digit of 744280?
7
What is the thousands digit of 6586296?
6
What is the thousands digit of 1797289?
7
What is the thousands digit of 110992?
0
What is the thousands digit of 34039?
4
What is the hundred thousands digit of 339705?
3
What is the hundreds digit of 2240773?
7
What is the units digit of 526613?
3
What is the ten millions digit of 12460845?
1
What is the ten thousands digit of 43247493?
4
What is the ten thousands digit of 10206827?
0
What is the hundred thousands digit of 3630077?
6
What is the thousands digit of 17294068?
4
What is the units digit of 3737801?
1
What is the units digit of 3133304?
4
What is the millions digit of 1117319?
1
What is the ten thousands digit of 244226?
4
What is the hundreds digit of 58203?
2
What is the units digit of 1402904?
4
What is the thousands digit of 380205?
0
What is the units digit of 94582?
2
What is the millions digit of 1548511?
1
What is the units digit of 447137?
7
What is the hundreds digit of 97049?
0
What is the hundreds digit of 160446?
4
What is the tens digit of 1095186?
8
What is the hundreds digit of 546001?
0
What is the ten thousands digit of 6102207?
0
What is the ten thousands digit of 116445?
1
What is the hundreds digit of 126489?
4
What is the hundred thousands digit of 507324?
5
What is the millions digit of 1799194?
1
What is the millions digit of 19664623?
9
What is the hundreds digit of 1261767?
7
What is the hundred thousands digit of 179865?
1
What is the thousands digit of 141737?
1
What is the hundred thousands digit of 215667?
2
What is the hundred thousands digit of 3441264?
4
What is the units digit of 656821?
1
What is the ten thousands digit of 1504368?
0
What is the tens digit of 420683?
8
What is the units digit of 145184?
4
What is the ten thousands digit of 12151826?
5
What is the thousands digit of 222589?
2
What is the millions digit of 1905094?
1
What is the hundreds digit of 16238800?
8
What is the ten thousands digit of 453996?
5
What is the thousands digit of 17926?
7
What is the hundred thousands digit of 212259?
2
What is the hundreds digit of 104061?
0
What is the hundreds digit of 47712?
7
What is the ten thousands digit of 214149?
1
What is the ten thousands digit of 4047464?
4
What is the ten thousands digit of 5092424?
9
What is the ten thousands digit of 300365?
0
What is the thousands digit of 180953?
0
What is the ten thousands digit of 2157402?
5
What is the ten millions digit of 11013959?
1
What is the tens digit of 272832?
3
What is the thousands digit of 3746753?
6
What is the ten thousands digit of 509454?
0
What is the hundreds digit of 15513774?
7
What is the tens digit of 231027?
2
What is the tens digit of 19330?
3
What is the thousands digit of 431646?
1
What is the hundreds digit of 448114?
1
What is the units digit of 3785776?
6
What is the ten thousands digit of 2388056?
8
What is the ten thousands digit of 308907?
0
What is the thousands digit of 450203?
0
What is the tens digit of 5497209?
0
What is the units digit of 1972679?
9
What is the hundreds digit of 3541527?
5
What is the ten millions digit of 12315019?
1
What is the tens digit of 7228259?
5
What is the thousands digit of 252612?
2
What is the hundreds digit of 194663?
6
What is the ten thousands digit of 102093?
0
What is the thousands digit of 37937486?
7
What is the hundred thousands digit of 11296249?
2
What is the thousands digit of 5588567?
8
What is the ten thousands digit of 11427511?
2
What is the hundreds digit of 1208111?
1
What is the thousands digit of 546130?
6
What is the ten thousands digit of 10288176?
8
What is the ten thousands digit of 2166810?
6
What is the tens digit of 4810493?
9
What is the units digit of 18708113?
3
What is the tens digit of 647592?
9
What is the tens digit of 58141?
4
What is the tens digit of 142298?
9
What is the tens digit of 18043219?
1
What is the ten thousands digit of 5726093?
2
What is the hundred thousands digit of 31657395?
6
What is the units digit of 41673460?
0
What is the tens digit of 9336174?
7
What is the units digit of 7321959?
9
What is the tens digit of 7179977?
7
What is the thousands digit of 289516?
9
What is the hundred thousands digit of 319116?
3
What is the millions digit of 15202502?
5
What is the hundreds digit of 80392?
3
What is the millions digit of 4103079?
4
What is the thousands digit of 400820?
0
What is the units digit of 3233120?
0
What is the hundreds digit of 2065137?
1
What is the ten thousands digit of 124066?
2
What is the thousands digit of 6909016?
9
What is the hundred thousands digit of 812191?
8
What is the ten thousands digit of 2083857?
8
What is the ten thousands digit of 967825?
6
What is the thousands digit of 191207?
1
What is the ten thousands digit of 25839730?
3
What is the thousands digit of 1802090?
2
What is the thousands digit of 8652335?
2
What is the thousands digit of 4961834?
1
What is the thousands digit of 1859538?
9
What is the units digit of 12659809?
9
What is the ten thousands digit of 21229182?
2
What is the ten thousands digit of 534082?
3
What is the units digit of 282257?
7
What is the units digit of 193684?
4
What is the ten millions digit of 22634236?
2
What is the hundreds digit of 300893?
8
What is the hundred thousands digit of 5594501?
5
What is the units digit of 1281129?
9
What is the tens digit of 408235?
3
What is the hundred thousands digit of 217059?
2
What is the ten thousands digit of 8911252?
1
What is the tens digit of 4198933?
3
What is the hundred thousands digit of 6455889?
4
What is the thousands digit of 5364969?
4
What is the ten thousands digit of 280337?
8
What is the millions digit of 1701801?
1
What is the units digit of 317286?
6
What is the ten thousands digit of 115136?
1
What is the ten thousands digit of 192317?
9
What is the tens digit of 12169661?
6
What is the thousands digit of 321292?
1
What is the hundred thousands digit of 651098?
6
What is the hundred thousands digit of 7531617?
5
What is the hundred thousands digit of 2559354?
5
What is the units digit of 863552?
2
What is the thousands digit of 1479036?
9
What is the hundred thousands digit of 123200?
1
What is the hundred thousands digit of 26626238?
6
What is the thousands digit of 350762?
0
What is the hundred thousands digit of 261662?
2
What is the units digit of 12898?
8
What is the tens digit of 1249073?
7
What is the ten thousands digit of 1631620?
3
What is the units digit of 20711030?
0
What is the hundreds digit of 487782?
7
What is the hundred thousands digit of 327174?
3
What is the tens digit of 4576793?
9
What is the ten thousands digit of 1278289?
7
What is the ten thousands digit of 86920?
8
What is the ten thousands digit of 4148867?
4
What is the units digit of 3059547?
7
What is the hundred thousands digit of 148802?
1
What is the hundreds digit of 382589?
5
What is the thousands digit of 420827?
0
What is the hundred thousands digit of 149725?
1
What is the ten thousands digit of 12103?
1
What is the thousands digit of 540029?
0
What is the millions digit of 1025319?
1
What is the ten millions digit of 12353585?
1
What is the tens digit of 429811?
1
What is the hundred thousands digit of 7046455?
0
What is the ten thousands digit of 14384177?
8
What is the thousands digit of 661547?
1
What is the hundreds digit of 421069?
0
What is the thousands digit of 12249445?
9
What is the tens digit of 816905?
0
What is the hundreds digit of 71722?
7
What is the hundreds digit of 6125372?
3
What is the units digit of 25440834?
4
What is the ten thousands digit of 4641713?
4
What is the thousands digit of 1050892?
0
What is the ten thousands digit of 2711475?
1
What is the ten thousands digit of 304138?
0
What is the units digit of 270662?
2
What is the units digit